{"id":2516,"date":"2025-11-05T21:57:44","date_gmt":"2025-11-05T21:57:44","guid":{"rendered":"https:\/\/spatzenkutter.gob.ar\/?post_type=dlp_document&#038;p=2516"},"modified":"2025-11-13T21:30:44","modified_gmt":"2025-11-13T21:30:44","slug":"resolusion-n1","status":"publish","type":"dlp_document","link":"https:\/\/spatzenkutter.gob.ar\/document\/resolusion-n1\/","title":{"rendered":"Resoluci\u00f3n N\u00b01"},"content":{"rendered":"<p>Declara <b>hist\u00f3rica la primera sesi\u00f3n del Concejo Comunal<\/b> tras la <b>conversi\u00f3n de Junta de Gobierno a Comuna<\/b> (Ley 10.644).<\/p>\n","protected":false},"excerpt":{"rendered":"<p>Declara hist\u00f3rica la primera sesi\u00f3n del Concejo Comunal tras la conversi\u00f3n de Junta de Gobierno a Comuna (Ley 10.644).<\/p>\n","protected":false},"author":2,"featured_media":555,"template":"","doc_categories":[110],"doc_tags":[116],"doc_author":[],"file_type":[113],"class_list":["post-2516","dlp_document","type-dlp_document","status-publish","has-post-thumbnail","hentry","doc_categories-res","doc_tags-116","file_type-pdf"],"download_url":"https:\/\/spatzenkutter.gob.ar\/%77%70%2d%63%6f%6e%74%65%6e%74\/uploads\/2020\/05\/RESOL-N\u00ba1.pdf","file_size":"181 KB","filename":"RESOL-N\u00ba1.pdf","download_count":"","version_history":[],"_links":{"self":[{"href":"https:\/\/spatzenkutter.gob.ar\/%77%70%2d%6a%73%6f%6e\/wp\/v2\/dlp_document\/2516","targetHints":{"allow":["GET"]}}],"collection":[{"href":"https:\/\/spatzenkutter.gob.ar\/%77%70%2d%6a%73%6f%6e\/wp\/v2\/dlp_document"}],"about":[{"href":"https:\/\/spatzenkutter.gob.ar\/%77%70%2d%6a%73%6f%6e\/wp\/v2\/types\/dlp_document"}],"author":[{"embeddable":true,"href":"https:\/\/spatzenkutter.gob.ar\/%77%70%2d%6a%73%6f%6e\/wp\/v2\/users\/2"}],"wp:featuredmedia":[{"embeddable":true,"href":"https:\/\/spatzenkutter.gob.ar\/%77%70%2d%6a%73%6f%6e\/wp\/v2\/media\/555"}],"wp:attachment":[{"href":"https:\/\/spatzenkutter.gob.ar\/%77%70%2d%6a%73%6f%6e\/wp\/v2\/media?parent=2516"}],"wp:term":[{"taxonomy":"doc_categories","embeddable":true,"href":"https:\/\/spatzenkutter.gob.ar\/%77%70%2d%6a%73%6f%6e\/wp\/v2\/doc_categories?post=2516"},{"taxonomy":"doc_tags","embeddable":true,"href":"https:\/\/spatzenkutter.gob.ar\/%77%70%2d%6a%73%6f%6e\/wp\/v2\/doc_tags?post=2516"},{"taxonomy":"doc_author","embeddable":true,"href":"https:\/\/spatzenkutter.gob.ar\/%77%70%2d%6a%73%6f%6e\/wp\/v2\/doc_author?post=2516"},{"taxonomy":"file_type","embeddable":true,"href":"https:\/\/spatzenkutter.gob.ar\/%77%70%2d%6a%73%6f%6e\/wp\/v2\/file_type?post=2516"}],"curies":[{"name":"wp","href":"https:\/\/api.w.org\/{rel}","templated":true}]}}

Resolución N°1

<p>Declara <b>histórica la primera sesión del Concejo Comunal</b> tras la <b>conversión de Junta de Gobierno a Comuna</b> (Ley 10.644).</p>

<p>Declara histórica la primera sesión del Concejo Comunal tras la conversión de Junta de Gobierno a Comuna (Ley 10.644).</p>

https://spatzenkutter.gob.ar/%77%70%2d%63%6f%6e%74%65%6e%74/uploads/2020/05/RESOL-Nº1.pdf

RESOL-Nº1.pdf
